1 prime?
False
Is 593767 a composite number?
False
Is 37188829 prime?
True
Is 150077 a prime number?
True
Is 2994407 prime?
False
Is 27951523 prime?
True
Is 6713697 prime?
False
Is 13722773 composite?
True
Is 10149053 a composite number?
False
Is 92393417 a prime number?
True
Is 177574889 a composite number?
False
Is 3746051 composite?
False
Is 22731967 a prime number?
True
Is 1392503 a composite number?
True
Is 15296054 a composite number?
True
Is 677927 composite?
False
Is 20229805 composite?
True
Is 235721105 prime?
False
Is 8178469 prime?
False
Is 41073293 a prime number?
False
Is 47364573 composite?
True
Is 464373941 a composite number?
False
Is 23363503 prime?
False
Is 53485711 composite?
False
Is 6668021 prime?
True
Is 2407039 a prime number?
False
Is 15895262 a prime number?
False
Is 746532179 a prime number?
True
Is 3763471 a composite number?
False
Is 94791283 a composite number?
False
Is 76207 prime?
True
Is 17053661 a prime number?
False
Is 92390159 prime?
True
Is 302101009 a composite number?
True
Is 23223 composite?
True
Is 1695167 composite?
True
Is 3816133 composite?
False
Is 62917549 a prime number?
True
Is 3402881 a prime number?
False
Is 30677047 composite?
False
Is 2833 a prime number?
True
Is 2526811 a prime number?
False
Is 2346971 a composite number?
True
Is 9227847 prime?
False
Is 1352633 prime?
False
Is 79971007 a prime number?
True
Is 38010019 prime?
True
Is 2483381 prime?
True
Is 372672833 prime?
False
Is 2267002 prime?
False
Is 621819521 a composite number?
True
Is 179548433 a prime number?
False
Is 253049 a prime number?
True
Is 1652174 composite?
True
Is 5863106 composite?
True
Is 54852247 a composite number?
True
Is 1543391 a prime number?
True
Is 19748461 a composite number?
False
Is 5443219 prime?
True
Is 2472313 a composite number?
False
Is 2166901 a composite number?
True
Is 987706 prime?
False
Is 4664705 composite?
True
Is 10270226 a composite number?
True
Is 643637 a composite number?
True
Is 3170515 a composite number?
True
Is 14249954 composite?
True
Is 1031911 composite?
False
Is 11792855 a composite number?
True
Is 22102543 prime?
True
Is 43209271 a composite number?
True
Is 88637 a composite number?
True
Is 108100571 composite?
False
Is 365269669 composite?
False
Is 2612893 prime?
True
Is 701903 prime?
True
Is 134722541 a prime number?
True
Is 416081045 composite?
True
Is 2645741 a prime number?
False
Is 20313506 a prime number?
False
Is 8985919 prime?
False
Is 11485771 composite?
True
Is 10994317 a prime number?
False
Is 50305357 composite?
False
Is 25436009 composite?
False
Is 11608343 prime?
False
Is 582917 composite?
True
Is 11674339 a composite number?
False
Is 7692607 a prime number?
False
Is 100624079 prime?
False
Is 2196197 a composite number?
False
Is 127032557 prime?
False
Is 106898327 a prime number?
True
Is 114736091 a composite number?
False
Is 187553417 a prime number?
True
Is 8555483 a prime number?
False
Is 4523977 a composite number?
True
Is 1693519 a prime number?
False
Is 20671153 prime?
False
Is 25766687 prime?
False
Is 2568253 composite?
False
Is 198668681 prime?
False
Is 375134797 prime?
False
Is 1817261 a prime number?
True
Is 6187451 a composite number?
False
Is 429493 a composite number?
True
Is 18101467 prime?
True
Is 13484993 a prime number?
True
Is 19886701 a prime number?
True
Is 3147338 composite?
True
Is 162937 prime?
True
Is 5421811 a prime number?
False
Is 74767177 composite?
True
Is 9191821 a prime number?
True
Is 3269659 a prime number?
True
Is 63160837 a prime number?
True
Is 8178447 composite?
True
Is 10864667 a prime number?
False
Is 5052599 a composite number?
False
Is 2137757 a composite number?
True
Is 300927611 a composite number?
False
Is 19702201 prime?
False
Is 10011919 prime?
True
Is 16645411 a composite number?
False
Is 15974567 composite?
True
Is 683679 a prime number?
False
Is 515076077 prime?
False
Is 67011011 a prime number?
True
Is 382454623 composite?
False
Is 1835963 a composite number?
True
Is 1094629 a prime number?
True
Is 974937 a composite number?
True
Is 26826497 prime?
True
Is 56755331 composite?
False
Is 227863 a prime number?
False
Is 7393795 a prime number?
False
Is 216585953 a prime number?
False
Is 142810537 composite?
False
Is 1151785 prime?
False
Is 2824553 a prime number?
True
Is 124758247 composite?
False
Is 1870727 prime?
False
Is 6649979 composite?
True
Is 37669277 a prime number?
True
Is 1348271 composite?
False
Is 10409431 a prime number?
True
Is 8271983 a composite number?
False
Is 4036413 a prime number?
False
Is 4917103 a prime number?
True
Is 18492139 composite?
True
Is 55822997 prime?
False
Is 2497343 prime?
False
Is 2195909 prime?
False
Is 3033823 prime?
False
Is 33964283 prime?
False
Is 105958891 composite?
True
Is 30457165 composite?
True
Is 69820183 a prime number?
True
Is 160006471 a composite number?
True
Is 1388941 a composite number?
False
Is 11606501 composite?
False
Is 8896483 a composite number?
False
Is 14303755 prime?
False
Is 1958897 a prime number?
True
Is 9480311 composite?
False
Is 160427 a prime number?
False
Is 206337709 prime?
True
Is 2686207 a composite number?
False
Is 825212533 a composite number?
True
Is 42683171 prime?
True
Is 6498313 prime?
False
Is 34920299 a prime number?
False
Is 93909727 a composite number?
True
Is 23225087 composite?
True
Is 971299633 composite?
False
Is 4296973 a composite number?
False
Is 16922599 prime?
False
Is 79543193 a composite number?
True
Is 87920597 a prime number?
False
Is 887669 a prime number?
True
Is 10440221 a composite number?
True
Is 21636379 prime?
False
Is 166787249 composite?
True
Is 19590751 a composite number?
False
Is 8000887 a prime number?
True
Is 81673769 composite?
False
Is 164867239 a composite number?
False
Is 934991 a prime number?
False
Is 54987 prime?
False
Is 5616557 a prime number?
True
Is 21049645 composite?
True
Is 5368487 a composite number?
True
Is 6171089 a prime number?
True
Is 48778931 composite?
False
Is 171259743 composite?
True
Is 153349771 composite?
False
Is 564870037 a composite number?
True
Is 11033603 prime?
False
Is 59551027 a prime number?
True
Is 45453469 a prime number?
False
Is 59364451 a composite number?
False
Is 6089194 composite?
True
Is 8864914 a prime number?
False
Is 6830191 composite?
False
Is 25226269 a prime number?
True
Is 17418917 composite?
False
Is 88343771 prime?
False
Is 14351567 prime?
True
Is 1628227 a composite number?
False
Is 51442457 a prime number?
False
Is 505266757 prime?
True
Is 4460327 prime?
True
Is 7325069 prime?
True
Is 61286947 a composite number?
True
Is 5962913 a composite number?
True
Is 76958503 prime?
True
Is 18822101 prime?
False
Is 48585343 a prime number?
False
Is 122725181 a prime number?
True
Is 24571487 a prime number?
True
Is 3790057 prime?
True
Is 4779701 a prime number?
True
Is 133560613 a prime number?
False
Is 715374953 a prime number?
False
Is 165165569 a composite number?
True
Is 20314277 a composite number?
False
Is 180864265 a composite number?
True
Is 9348809 a prime number?
True
Is 31015261 composite?
False
Is 76690693 a composite number?
True
Is 33351907 a prime number?
True
Is 21936047 a composite number?
True
Is 15142301 composite?
True
Is 8978059 prime?
True
Is 242424749 prime?
False
Is 4166629 a composite number?
False
Is 80254963 a composite number?
False
Is 50722369 composite?
False
Is 5373587 a prime number?
True
Is 1247833 prime?
True
Is 70910123 prime?
True
Is 101338213 prime?
False
Is 391449 a composite number?
True
Is 3678923 a composite number?
False
Is 27805207 a composite number?
True
Is 333485459 a prime number?
False
Is 1756009 prime?
True
Is 623192563 a prime number?
False
Is 5429339 composite?
False
Is 7312007 a composite number?
False
Is 521923 composite?
False
Is 12911281 a prime number?
True
Is 166213 a composite number?
True
Is 96344659 a prime number?
True
Is 109495553 a composite number?
True
Is 51371777 composite?
True
Is 271597877 a prime number?
True
Is 3088123 prime?
False
Is 308303 prime?
True
Is 1013603 a prime number?
True
Is 36324311 a composite number?
False
Is 103496221 a composite number?
True
Is 2455811 prime?
True
Is 308837101 composite?
False
Is 16558753 prime?
False
Is 238942541 composite?
False
Is 14714837 a composite number?
